t s be (-9)/(0 - (-3)/(-3)). What is w(s)?
2
Suppose x + 2 = -1. Let d(w) = 1. Let p(l) be the third derivative of l**4/24 + l**3/3 + 20*l**2 - 2. Let n(y) = x*d(y) + p(y). Determine n(1).
0
Let r(n) be the first derivative of -n**4/24 + 5*n**3/3 + 8*n**2 + 19. Let m(q) be the second derivative of r(q). What is m(11)?
-1
Let a(z) = -z**3 + z**2 - z - 1. Let t(u) = 7*u**3 + 7*u + 6. Suppose 0 = m + 2 - 1, m = -4*k + 19. Let i(n) = k*a(n) + t(n). Let v = -286 + 283. Give i(v).
-14
Suppose 0 = -6*i + 9*i + 5*w + 31, 2*i + 6 = 4*w. Let o(d) = -3*d**2 - 2*d + 5. Let b(v) = -8*v**2 - 7*v + 17. Let c(n) = i*o(n) + 2*b(n). Give c(1).
4
Let j(s) = -s**2 + 4*s + 7. Let i be 4/(-20) + (-6 - (-112)/10). Determine j(i).
2
Let m(h) be the second derivative of -h**4/12 + h**2 + 5*h - 2. Determine m(-3).
-7
Let s(q) = -2*q**2 + 3*q + 5. Let t = 51 + 6. Let x = t + -53. Calculate s(x).
-15
Let v(m) be the first derivative of m**2/2 + m - 34. Determine v(-4).
-3
Let f be (-4)/(-16) + 37/(-4). Let c = -7 - f. Let t(d) = -5*d**2 - 3*d - 3. Let z(w) = 9*w**2 + 6*w + 5. Let h(r) = 11*t(r) + 6*z(r). What is h(c)?
-1
Let u(k) = -k**2 - 14*k - 3. Let g be u(-12). Suppose -3*z + g = -18. Let a = z + -17. Let j(o) = o**2 + 3*o + 2. Give j(a).
6
Suppose 0 = 2*p - 2*i + 10 - 22, 5*p + 4*i + 15 = 0. Let t(x) = x**2 - 2*x + 7 - 6 + x**2. Determine t(p).
1
Let m = 35 - 30. Let r(j) = -j**3 - m*j**2 + 2*j + 2*j + 3 + 0*j - 5*j. What is r(-4)?
-9
Let k(z) = -9*z + 1. Suppose -26 = -2*f + 4*b, -17*f = -19*f - b + 6. What is k(f)?
-44
Suppose -3*y - 6 = 3*m - 4*y, 0 = -3*y - 9. Let n(q) = -36*q - 21. Let b(l) = 5*l + 3. Let i(j) = 15*b(j) + 2*n(j). What is i(m)?
-6
Suppose -9 + 27 = 6*y. Let o be (3/y)/1 + 3*-1. Let q(m) = 2*m**2 + 3*m. Calculate q(o).
2
Let d(c) be the third derivative of 0*c + 0 - 1/6*c**3 + 4*c**2 - 2/3*c**4. Give d(-1).
15
Let i(r) be the second derivative of r**3/3 + 2*r**2 + 3*r + 2. Give i(0).
4
Let l(t) be the third derivative of -t**5/6 + t**4/24 - 10*t**2 + 9*t. Determine l(1).
-9
Let a = 49 + -39. Suppose -g - a = -12. Let j(y) = y - 2. What is j(g)?
0
Let y(o) = 3*o**3 - 2*o + 3 + 2*o**3 + 5*o**2 - 9*o**2 - 4*o**3. Give y(3).
-12
Suppose 12*b - 18 = 6*b. Suppose j - 2 + 0 = 2*s, 0 = j. Let w = b - s. Let k(v) = v**3 - 5*v**2 + 4*v - 2. What is k(w)?
-2
Let z(k) = 0*k - 18 + 16 + 2 + 3*k. Give z(0).
0
Let t(i) be the second derivative of -i**4/12 - 7*i**3/6 + 13*i**2/2 + 164*i. Calculate t(-11).
-31
Let w = -9 + 8. Let v be (2 + w)*3 + -7. Let t be 3*(v/6)/1. Let m(l) = -l**3 - 2*l**2 - l + 2. Calculate m(t).
4
Let m(l) = 2*l**3 + 3*l**2 + 3*l + 2. Suppose -6*j - 13 = -1. Determine m(j).
-8
Let v(i) = -3*i**2 - 4*i + 11. Let s be v(2). Let t(y) = y**2 + 12*y + 7. Give t(s).
-20
Let t be 1*(-2 - -3)*-1. Let j be 4 + -1*(0 + 2). Let p(k) = -5*k**2 - 2*k**2 + 12*k**j - 3*k**2. Calculate p(t).
2
Let t(r) be the first derivative of r**2/2 + 3*r + 1. Suppose m + 0*m + 6 = -2*h, -2*m = -3*h - 2. Let w be (-4 - 13/m)*2. Determine t(w).
8
Let w(b) = -3*b**2 - 3*b + 15 - 12 + 0*b**2 - b**2. Let q be w(1). Let o(g) = g**2 + 4*g + 3. What is o(q)?
3
Let p(o) = 3*o**2 + 3*o + 1. Let a(w) = 5*w**2 + 5*w + 1. Let d be (3 + (-32)/12)*3. Let l be d*(0 + -1)*5. Let m(n) = l*a(n) + 8*p(n). What is m(-4)?
-9
Let g(y) = -y + 1. Let f = 1 - -1. Let j(v) = 7*v - 1 - 3 + 1 - 3*v. Let r be j(f). Give g(r).
-4
Let g(h) = -3. Let w be 18/12*4/6. Let o(j) = -j. Let y(f) = w*o(f) - g(f). What is y(8)?
-5
Let j = -4 - -4. Let d(s) = 2*s + 1. Let l(z) = -3*z - 6. Let q(a) = -d(a) - l(a). Calculate q(j).
5
Let h(u) = -3*u**3 + 8*u**2 + 26*u + 5. Let j(q) = q**3 - 3*q**2 - 9*q - 2. Let a(m) = 6*h(m) + 17*j(m). Let g(w) = w - 33. Let b be g(29). What is a(b)?
0
Let z(r) = r**2 + 4*r + 6. Suppose -11*k = 11*k - 19*k. Suppose k*x + 5*p + 25 = -x, -p - 9 = x. Give z(x).
11
Suppose -2*q + 650 = 2*g, 0*q = -3*g - 4*q + 979. Let c be g/21 + (-6)/21. Suppose -2*i = i + c. Let u(w) = w**3 + 5*w**2 - 4. Determine u(i).
-4
Suppose v - 5 + 0 = 0. Let k(p) = -10*p + 1. Let j be k(-2). Suppose -d = -3*b - 4 + j, 3*d - v*b = -31. Let t(a) = -2*a**3 - 4*a**2 - 4*a - 3. Calculate t(d).
5
Let m(y) = 2*y**2 + 2*y - 5 + 3 - y**2 + 1. Let c be m(2). Let v(t) be the first derivative of t**3/3 - 7*t**2/2 - t - 1. Determine v(c).
-1
Let f(y) = -y**3 + 2*y**2 + 125. Let o be f(0). Let b = o - 123. Let d(j) = 4*j - j**2 - 2*j - 3*j. What is d(b)?
-6
Let n(q) = -3*q**2 - 7*q + 4. Let o(x) = -x**2 - 3*x + 2. Let k(i) = -2*n(i) + 5*o(i). Suppose -3*g + 18 = 4*r + 34, -8 = 2*r + 3*g. Give k(r).
22
Let m(u) = 2*u - 10. Suppose 12*y - 7*y = -40. Determine m(y).
-26
Let i be 124/6 + 6/18. Let z be 90/14 + i/(-49). Let k(l) = l**3 - 7*l**2 + 5*l - 3. Give k(z).
-9
Suppose 0 = -2*m - 2*m - 5*y + 32, 5*y - 11 = 3*m. Let z(u) = 1 + u + 3 + 2 - m. Determine z(0).
3
Let c(u) = -u**2 + 15*u. Suppose 4*w - 50 = -2*r, 10 = -r + 5*w - 0*w. Determine c(r).
0
Let y(d) be the second derivative of d**5/20 - d**4/3 + d**3/3 - 2*d**2 + 12*d - 7. Give y(4).
4
Let l(i) = 2*i**2 - 5 + 11*i - 4*i**2 + 3*i**2 + 2 + 4. Give l(-13).
27
Let o be (-90)/(-405) - 1346/(-18). Let b(s) = 4 + 3 + o*s - s**2 - 76*s. Suppose 0 = 4*j + j. Calculate b(j).
7
Let x(z) = -2*z**3 - 4*z**2 + 28*z - 1. Let y(q) = -q**3 - 2*q**2 + 14*q - 1. Let d(u) = 3*x(u) - 7*y(u). Calculate d(-5).
-1
Let p(f) = -f**2 + 4*f + 7. Let l = 62 + -57. Determine p(l).
2
Suppose -u + 3 = 1. Let t(n) = 3*n**3 + 14*n**2 - 17*n - 23. Let c = 10 + -27. Let v(b) = b**3 + 5*b**2 - 6*b - 8. Let h(i) = c*v(i) + 6*t(i). What is h(u)?
2
Let q = 134 - 125. Let m = 14 - q. Let u(n) = -n**2 + n - 1. Give u(m).
-21
Suppose -s + 5*s = 4. Let h be 1 + (-2 - -4*s). Suppose -10 + 1 = h*m. Let r(l) = 2*l + 4. Calculate r(m).
-2
Let x be 2/(-4)*(-1 - 7). Suppose -v - 2*g = -g - 2, -3*v + x*g = -6. Suppose 2*u = n - 4, -u = v*n + 2 + 10. Let q(o) = -3*o - 5. Determine q(u).
7
Let g(c) = 5*c**2 - c. Let a(d) = 5*d**2 - d. Let w(r) = 3*a(r) - 4*g(r). Determine w(-1).
-6
Suppose o = 0, 3*t - 13*o + 24 = -18*o. Let l(x) = -x**2 - 6*x + 15. What is l(t)?
-1
Let x be (-4)/14 - (-60)/14. Let b(t) be the second derivative of -t**3/3 + 5*t**2/2 - 35*t + 20. What is b(x)?
-3
Let j be (-8)/84 - ((-650)/(-105))/(-2). Let g(q) = -2*q**3 + 7*q**2 - 5*q + 3. Calculate g(j).
-3
Let c(j) be the second derivative of j**5/10 + j**4/6 + j**2/2 - 187*j. Calculate c(-2).
-7
Let p = -45 + 49. Let h(c) = -c**3 - 3*c**2 + 7*c + 3. Let m(o) = o**3 - o**2 - o - 1. Let s(g) = -h(g) - 2*m(g). Determine s(p).
-5
Let k(z) = -4*z - 34. Let i be k(-9). Suppose i*n = n + 8. Let o(l) = -2*l + 10. Determine o(n).
-6
Let v(h) be the first derivative of -h**2 - 6*h - 160. Give v(-2).
-2
Let q(f) be the third derivative of 7*f**5/60 - f**3/6 - 2*f**2. Suppose 0*j = -7*j + 49. Suppose j = -2*x + 5. Give q(x).
6
Let m(t) = 2. Let o(g) = g + 5. Let s(d) = -5*m(d) - o(d). Give s(-12).
-3
Let q(a) = a**3 - 3*a**2 - 12*a + 2. Let x be q(5). Let o(w) be the first derivative of w**2/2 + 7*w + 19. Calculate o(x).
-1
Let p(w) = w**3 - 2*w**2 + 4*w - 2. Let n(k) = k - 1. Let z(l) = -4*n(l) + p(l). Let t be z(2). Suppose t*y = 1 + 3. Let c(h) = -7*h + 3. What is c(y)?
-11
Let c(j) = -9*j - 6. Let b(u) = -u**3 - 29*u**2 + 97*u - 7. Let r be b(3). Give c(r).
30
Let l(n) = n**3 + 6*n**2 + n + 1. Let b(y) = -y**3 - 5*y**2 + 5*y - 2. Let i be b(-6). Suppose -a + i = 2. Suppose -2 = -a*r - 14. Calculate l(r).
-5
Let z(s) = -2*s - 2. Suppose 0 = -y + 2*a + 5, -22*a + 7 = 2*y - 23*a. What is z(y)?
-8
Let m = -90 - -87. Let l(o) = -o**3 - 4*o**2 - o + 2. Determine l(m).
-4
Let g(s) = -s**2 + 3*s + 2. Let n(v) = 3*v**2 - 8*v - 5. Let b(k) = -5*g(k) - 2*n(k). What is b(2)?
-2
Let m(w) = -w**2 - 11*w + 26. Suppose 29*h = 222 - 628. Determine m(h).
-16
Let s(a) = 11*a**2 + 3*a + 18. Let q(i) = 7*i**2 + 2*i + 12. Let v(m) = -8*q(m) + 5*s(m). Let j be v(0). Let p(n) = n**3 + 5*n**2 - 7*n - 7. Give p(j).
-1
Let d(w) = -14*w - w**3 + 1 + 13*w - 5 - 5*w**2. Calculate d(-5).
1
Let f(b) = b**3 - 4*b**2 + b + 4. Let i be 0 + (-7)/(-1) + -4. Suppose 9*v = 12*v - i. Let g be v/1*(2 + 1). Determine f(g).
-2
Let r(n) = 50*n + 2. Let m = -364 - -363. Give r(m).
-48
Suppose -25 = 2*m + 5*p, -20 = 3*m + 5*p - p. Let a(v) = v**2 + 9*v + 11. Let n be a(-8). Let u(x) = -3 